at is 81 + -1?
80
In base 8, what is -110 - 2?
-112
In base 5, what is -2 - -1301?
1244
In base 10, what is -35 + -106?
-141
In base 4, what is -1032 + -1?
-1033
In base 4, what is 1 - -1122?
1123
In base 11, what is -8 + -56?
-63
In base 10, what is -1 + -51?
-52
In base 10, what is -28 + 11?
-17
In base 3, what is 1011211 + -10?
1011201
In base 12, what is -15 - 6?
-1b
In base 11, what is 62 - -2?
64
In base 14, what is 1719 - -4?
171d
In base 9, what is 531 + -3?
527
In base 11, what is -135 - 39?
-173
In base 5, what is -3 - 42?
-100
In base 16, what is 11f - 17?
108
In base 13, what is 2a + -2?
28
In base 5, what is 421 + -1111?
-140
In base 14, what is 9 - 50?
-45
In base 6, what is 3 - 4241?
-4234
In base 12, what is 5 - -a76?
a7b
In base 6, what is 1 - 145?
-144
In base 9, what is 1 - 54?
-53
In base 2, what is -10 - -10010?
10000
In base 4, what is 31100 - 21?
31013
In base 13, what is -9 - -2c?
23
In base 10, what is -60 + -2?
-62
In base 12, what is 0 + 34?
34
In base 8, what is 506 - -6?
514
In base 6, what is -2 + 0?
-2
In base 14, what is 130 + 3a?
16a
In base 5, what is 2 - -1120?
1122
In base 13, what is -1 + -10c?
-110
In base 14, what is 15 + -1b?
-6
In base 2, what is -10 + 10110001100?
10110001010
In base 4, what is 103 - -323?
1032
In base 4, what is -1 + 1310?
1303
In base 6, what is 3 - 55?
-52
In base 7, what is 2 - 310?
-305
In base 8, what is 5 + 44?
51
In base 10, what is -1 + -82?
-83
In base 16, what is 4 - 46?
-42
In base 9, what is -42 - -4?
-37
In base 10, what is -277 - 1?
-278
In base 8, what is 23 - 47?
-24
In base 6, what is -100 + -2?
-102
In base 10, what is 5 - 594?
-589
In base 14, what is 45 + -7?
3c
In base 13, what is 269 + -4?
265
In base 16, what is -119 + 0?
-119
In base 16, what is -1dc - -5?
-1d7
In base 8, what is -2 + -4012?
-4014
In base 5, what is -4 - 412?
-421
In base 2, what is 1 - 100001?
-100000
In base 14, what is 2 + 47b?
47d
In base 13, what is -1a - -30b?
2c1
In base 6, what is -3035 + -23?
-3102
In base 14, what is -238 - d?
-247
In base 6, what is -150 - 41?
-231
In base 16, what is 6ac - -4?
6b0
In base 10, what is -363 - -2?
-361
In base 3, what is 211 - -10221?
11202
In base 11, what is -40 + 0?
-40
In base 2, what is 1111011110000001 - 10?
1111011101111111
In base 8, what is -1745 + 5?
-1740
In base 8, what is -126 - 1?
-127
In base 10, what is 18776 + 4?
18780
In base 3, what is -1 + 122210?
122202
In base 9, what is 5 - -431?
436
In base 12, what is -4a + 0?
-4a
In base 14, what is 0 - 197a?
-197a
In base 14, what is -8 + 267?
25d
In base 13, what is -5167 - 0?
-5167
In base 8, what is 0 + 3673?
3673
In base 13, what is -16 - -14?
-2
In base 8, what is 21066 - -5?
21073
In base 9, what is 20530 - -4?
20534
In base 4, what is -133 - -20?
-113
In base 5, what is -133 - 14?
-202
In base 5, what is -41 - -1?
-40
In base 8, what is 4 + -453?
-447
In base 15, what is -5 + -83?
-88
In base 10, what is 32 - -284?
316
In base 11, what is 495 - 3?
492
In base 7, what is -5 + 3133?
3125
In base 5, what is 32242 + 2?
32244
In base 11, what is -a26 + 2?
-a24
In base 8, what is 5 - -141?
146
In base 12, what is 1 + -224?
-223
In base 4, what is 3112 + -130?
2322
In base 8, what is 3 + -76?
-73
In base 2, what is 1 - -100000110110?
100000110111
In base 4, what is 31 - -33?
130
In base 5, what is 11014 - -4?
11023
In base 2, what is -111010 + 100010001?
11010111
In base 15, what is -b - -20?
14
In base 3, what is -201201222 + 2?
-201201220
In base 11, what is -54 + 1?
-53
In base 15, what is 1 - 42?
-41
In base 6, what is 112 + 1?
113
In base 16, what is -4 + 362?
35e
In base 7, what is 231 - 0?
231
In base 14, what is -3 + 1d?
1a
In base 6, what is 30 + -245?
-215
In base 13, what is -c - 4?
-13
In base 2, what is -10010 + 100100111?
100010101
In base 15, what is -4 - -1a?
16
In base 8, what is 126 + -6?
120
In base 3, what is -2011 + 1002?
-1002
In base 13, what is -1 + -44?
-45
In base 13, what is 18 - -b?
26
In base 10, what is 17 - 16?
1
In base 5, what is 1 + -41423?
-41422
In base 15, what is 12d + -2?
12b
In base 3, what is -1 - 222?
-1000
In base 11, what is -3a0 - -5?
-396
In base 3, what is -12 + 10000?
2211
In base 6, what is 41 + -4?
33
In base 10, what is 3 + -95?
-92
In base 16, what is 4 - 15?
-11
In base 2, what is -10 + 11010?
11000
In base 4, what is 20000 - -3?
20003
In base 9, what is -5 - 46?
-52
In base 6, what is 2 + -1?
1
In base 9, what is 32 - -77?
120
In base 14, what is -200 + 1?
-1dd
In base 14, what is -3 - 2d?
-32
In base 10, what is 4 - 283?
-279
In base 13, what is -b6 + b?
-a8
In base 13, what is -4 + 5?
1
In base 5, what is 3 + -33044?
-33041
In base 7, what is 3 - -141?
144
In base 4, what is 13 - 11123?
-11110
In base 4, what is -2 + -12012?
-12020
In base 16, what is 2 + -db?
-d9
In base 14, what is 5 + -1?
4
In base 3, what is 1220 - 2?
1211
In base 16, what is -23e - 3?
-241
In base 15, what is -8 - -9?
1
In base 3, what is -10120 - -1101?
-2012
In base 3, what is 21 - 1202022?
-1202001
In base 3, what is -1100 + -1000?
-2100
In base 15, what is -1a + 4?
-16
In base 7, what is -10 - -44?
34
In base 14, what is 43 + 6?
49
In base 15, what is -4 - 9?
-d
In base 12, what is 0 - 94?
-94
In base 12, what is b6 + 72?
168
In base 12, what is 3 + 2ba?
301
In base 13, what is -381 + 3?
-37b
In base 11, what is -4 - 394?
-398
In base 7, what is -2513 - 5?
-2521
In base 6, what is -320 + 5?
-311
In base 14, what is -2 + 123d?
123b
In base 5, what is -1 + 0?
-1
In base 2, what is -1000010111 - -101?
-1000010010
In base 2, what is 1001 - 1010?
-1
In base 9, what is -1 - 33?
-34
In base 7, what is 2 - -1546?
1551
In base 3, what is 1 + 21201?
21202
In base 7, what is -2265 - -51?
-2214
In base 12, what is -5 + 1ab?
1a6
In base 3, what is -11 - 1121?
-1202
In base 6, what is 0 + 123?
123
In base 6, what is 0 - 155?
-155
In base 5, what is 200 - -240?
440
In base 8, what is 736 - -4?
742
In base 6, what is 101 - 5?
52
In base 15, what is -8 + -67?
-70
In base 14, what is -4 + -4b?
-51
In base 11, what is 24 + 5?
29
In base 14, what is 27 - 7?
20
In base 8, what is 0 + -60?
-60
In base 12, what is -3170 - -4?
-3168
In base 5, what is -3031 - 4?
-3040
In base 10, what is 202 + -2?
200
In base 4, what is -21 + 13201?
13120
In base 10, what is 11 - 706?
-695
In base 3, what is 10 - 1222222?
-1222212
In base 9, what is 3188 - 5?
3183
In base 6, what is 5 + -1134?
-1125
In base 12, what is -b552 - -4?
-b54a
In base 6, what is 11 + 4?
15
In base 10, what is -29 - 32?
-61
In base 13, what is 5 + 3b4?
3b9
In base 3, what is -10002 - 0?
-10002
In base 11, what is 3 - 17?
-14
In base 2, what is 101 + 1001011?
1010000
In base 7, what is 10 + -63?
-53
In base 16, what is c - 15?
-9
In base 6, what is -35 - 5?
-44
In base 15, what is 0 + -8?
-8
In base 3, what is 12112 + 22?
12211
In base 13, what is 0 - 114?
-114
In base 12, what is 588 - 5?
583
In base 14, what is -4d - -32?
-1b
In base 11, what is -5 - 31?
-36
In base 12, what is 780 + 3?
783
In base 2, what is 101101100001 - -101?
101101100110
In base 2, what is -10101000 - 1001?
-10110001
In base 5, what is -1 + -120?
-121
In base 14, what is -271 + 1?
-270
In base 12, what is -3 - -486?
483
In base 12, what is -26 - b4?
-11a
In base 9, what is -3 + 1?
-2
In base 9, what is -2254 + 4?
-2250
In base 3, what is -1020122 + 20?
-1020102
In base 2, what is 101100101 - -100?
101101001
In base 7, what is -621 - 21?
-642
In base 9, what is -33 + -7?
-41
In base 16, what is 138 + 4?
13c
In base 12, what is -2723 + 0?
-2723
In base 4, what is 12 + 200?
212
In base 12, what is 3 + 1083?
1086
In base 11, what is 5 + 866?
870
In base 14, what is -628c + 5?
-6287
In base 8, what is -2101 - -2?
-2077
In base 15, what is -2be - 5?
-2c4
In base 14, what is -15 + 62?
4b
In base 7, what is -1 - 16?
-20
In base 13, what is 26 - -b0?
106
In base 3, what is 2111 + -100?
2011
In base 6, what is -33 + 23?
-10
In base 10, what is -1 - 80?
-81
In base 3, what is 11 - 11101012?
-11101001
In base 14, what is 0 + 1a94?
1a94
In base 16, what is bb + -95?
26
In base 3, what is -1 - -2?
1
In base 10, what is 31 - -394?
425
In base 15, what is -4e - 2?
-51
In base 5, what is -41 - -20?
-21
In base 3, what is -1121 - 22021?
-100212
In base 7, what is -41